d 43?
1
Calculate the highest common divisor of 16551 and 144.
9
Calculate the highest common factor of 93405 and 60.
15
Calculate the highest common divisor of 2602 and 2574679.
1301
What is the greatest common divisor of 104051 and 1206?
67
Calculate the highest common factor of 61 and 43554.
61
What is the greatest common factor of 763752 and 132?
132
What is the highest common divisor of 928 and 32886?
58
Calculate the greatest common divisor of 6118 and 171.
19
What is the highest common factor of 23391 and 3726?
207
What is the highest common divisor of 11968 and 187?
187
Calculate the greatest common divisor of 44 and 8118.
22
Calculate the highest common factor of 356988 and 252.
12
Calculate the greatest common divisor of 207 and 1110843.
9
Calculate the highest common factor of 287 and 121401.
287
What is the highest common factor of 242 and 1189793?
121
What is the highest common divisor of 19565 and 2275?
455
What is the greatest common divisor of 8 and 17446448?
8
What is the highest common divisor of 440 and 2624435?
55
What is the greatest common factor of 2415 and 23100?
105
Calculate the highest common factor of 732 and 12120.
12
What is the greatest common factor of 4043 and 39?
13
Calculate the greatest common divisor of 630 and 112070.
70
Calculate the highest common factor of 8 and 11080.
8
Calculate the greatest common factor of 1092141 and 27.
9
Calculate the greatest common factor of 1755 and 1845.
45
Calculate the highest common factor of 265374 and 690.
138
Calculate the highest common factor of 529 and 4376417.
529
What is the highest common factor of 23030 and 3395?
35
Calculate the highest common divisor of 19123 and 26.
13
Calculate the greatest common divisor of 1807 and 4966.
13
What is the greatest common divisor of 1130 and 5930?
10
What is the highest common divisor of 154 and 377993?
77
Calculate the greatest common factor of 459472 and 208.
208
Calculate the highest common divisor of 6590298 and 858.
858
What is the greatest common divisor of 14 and 2940?
14
Calculate the greatest common divisor of 20430 and 10.
10
Calculate the highest common divisor of 759 and 103569.
69
Calculate the greatest common factor of 94075 and 168275.
1325
What is the highest common divisor of 10795 and 340?
85
Calculate the greatest common factor of 11907 and 36693.
243
Calculate the highest common factor of 1363245 and 13.
13
What is the highest common factor of 2183948 and 208?
52
Calculate the greatest common divisor of 119 and 138873.
119
What is the highest common divisor of 153800 and 1600?
200
Calculate the greatest common factor of 37411 and 40337.
209
What is the highest common factor of 22102 and 56026?
514
What is the highest common divisor of 2210 and 19006?
442
Calculate the highest common divisor of 10 and 18480.
10
What is the highest common divisor of 176553 and 2?
1
Calculate the highest common factor of 101246 and 248.
62
Calculate the greatest common factor of 425946 and 12.
6
Calculate the highest common factor of 91202 and 62.
62
Calculate the greatest common divisor of 1518 and 16560.
138
What is the greatest common divisor of 2952 and 1944?
72
What is the highest common factor of 64 and 853408?
32
What is the highest common factor of 4563462 and 1164?
582
Calculate the highest common divisor of 1498 and 295534.
214
What is the highest common factor of 60716 and 86?
86
What is the highest common divisor of 15 and 757280?
5
Calculate the greatest common divisor of 12544 and 441.
49
Calculate the greatest common factor of 52 and 1056172.
52
What is the greatest common factor of 40 and 4635?
5
What is the greatest common divisor of 25839 and 18502?
319
What is the greatest common divisor of 37928 and 9913?
431
What is the highest common factor of 31 and 6459346?
31
Calculate the highest common factor of 2830467 and 267.
267
What is the highest common divisor of 200337 and 387?
129
Calculate the highest common factor of 12495 and 595.
595
What is the greatest common divisor of 747284 and 908?
908
What is the highest common divisor of 134 and 158522?
134
What is the greatest common divisor of 129826 and 33157?
467
What is the highest common divisor of 701313 and 372?
93
Calculate the greatest common divisor of 648421 and 685.
137
What is the highest common factor of 256 and 1304?
8
Calculate the highest common divisor of 4114 and 238.
34
Calculate the highest common factor of 193 and 5211.
193
Calculate the greatest common divisor of 1022 and 17696.
14
What is the greatest common factor of 288 and 7184?
16
Calculate the highest common divisor of 196 and 2793.
49
What is the highest common factor of 12 and 5847?
3
What is the highest common divisor of 162 and 31887?
27
What is the greatest common factor of 70539 and 168?
21
Calculate the highest common divisor of 1040 and 760.
40
Calculate the greatest common factor of 638 and 4453878.
638
What is the greatest common divisor of 958023 and 495?
99
Calculate the highest common divisor of 978 and 992181.
489
Calculate the greatest common factor of 70 and 40010.
10
Calculate the highest common factor of 212 and 2302744.
212
What is the greatest common factor of 99 and 7407?
9
Calculate the highest common factor of 44 and 53812.
44
Calculate the highest common factor of 3094 and 1408654.
442
Calculate the greatest common divisor of 116 and 238148.
116
Calculate the highest common divisor of 594 and 72666.
198
What is the greatest common factor of 1532 and 8?
4
What is the highest common divisor of 505 and 52116?
101
Calculate the greatest common divisor of 812 and 11513.
29
Calculate the greatest common factor of 54 and 76842.
54
Calculate the highest common divisor of 20 and 596010.
10
What is the greatest common divisor of 11480 and 29960?
280
Calculate the highest common divisor of 23562 and 8874.
306
What is the greatest common divisor of 1862 and 330638?
266
Calculate the greatest common divisor of 224 and 306992.
112
What is the greatest common divisor of 42 and 7798?
14
Calculate the greatest common divisor of 2420 and 48521.
121
What is the highest common divisor of 85484 and 3354?
86
What is the highest common factor of 216315 and 114?
57
Calculate the highest common divisor of 1214550 and 36.
18
Calculate the highest common factor of 7670 and 9145.
295
Calculate the highest common factor of 101814 and 1278.
426
What is the greatest common factor of 9983 and 19?
1
What is the greatest common divisor of 255 and 2172090?
255
What is the greatest common factor of 5076 and 3537?
27
Calculate the highest common factor of 893 and 247.
19
What is the highest common divisor of 270 and 114615?
135
What is the greatest common factor of 707 and 19998?
101
What is the greatest common divisor of 6601619 and 137?
137
Calculate the highest common divisor of 189142 and 204.
34
What is the highest common factor of 6477081 and 2964?
741
Calculate the highest common divisor of 338 and 148382.
338
What is the highest common divisor of 96113 and 6244?
223
Calculate the highest common divisor of 45 and 5136.
3
Calculate the highest common divisor of 2224 and 563228.
556
Calculate the greatest common divisor of 97480 and 160.
40
What is the greatest common divisor of 594 and 771012?
594
What is the greatest common factor of 31768 and 440?
88
What is the highest common divisor of 2420 and 43780?
220
What is the greatest common divisor of 65916 and 144?
36
What is the greatest common divisor of 4333 and 21?
7
Calculate the highest common factor of 191132 and 19312.
284
Calculate the greatest common factor of 384 and 87072.
96
What is the greatest common divisor of 1045044 and 18?
18
Calculate the highest common factor of 70 and 50470.
70
Calculate the greatest common divisor of 460 and 57385.
115
Calculate the greatest common factor of 16 and 4075408.
16
What is the greatest common divisor of 28461 and 2148?
537
What is the highest common divisor of 1519757 and 1563?
521
Calculate the greatest common factor of 4600 and 17480.
920
Calculate the greatest common factor of 17381 and 25207.
91
What is the highest common factor of 4087 and 105103?
61
Calculate the highest common factor of 45543 and 376.
47
Calculate the highest common factor of 82988 and 10.
2
What is the highest com